e number?
False
Is 54934249 prime?
True
Is 717653 composite?
False
Is 71807 prime?
True
Is 8846629 a prime number?
False
Is 23299769 a composite number?
False
Is 194886583 a prime number?
False
Is 3336545 a composite number?
True
Is 36980017 prime?
False
Is 34159546 a prime number?
False
Is 6753377 a composite number?
True
Is 59203619 a composite number?
False
Is 3898897 prime?
False
Is 7431517 a prime number?
True
Is 13142971 composite?
False
Is 176080021 prime?
False
Is 12154027 a composite number?
True
Is 66749647 a prime number?
True
Is 155611039 composite?
True
Is 107278113 a composite number?
True
Is 719841 prime?
False
Is 690451805 prime?
False
Is 14273789 a composite number?
False
Is 27353597 prime?
False
Is 431567 a prime number?
True
Is 16196369 a composite number?
True
Is 6253391 composite?
False
Is 8085395 a prime number?
False
Is 5001809 a prime number?
True
Is 1101803 composite?
False
Is 186953567 composite?
False
Is 2687323 prime?
True
Is 457722997 composite?
False
Is 279060247 composite?
False
Is 3614938 prime?
False
Is 667673 composite?
False
Is 4730173 prime?
False
Is 62292889 a prime number?
True
Is 11686849 composite?
False
Is 5883803 prime?
True
Is 42305303 a prime number?
False
Is 53337511 composite?
False
Is 307454957 a prime number?
True
Is 3601313 a prime number?
True
Is 527005391 a prime number?
False
Is 2768531 prime?
False
Is 181985171 composite?
True
Is 3954101 a prime number?
True
Is 14419109 prime?
False
Is 337243 prime?
False
Is 10749857 a prime number?
True
Is 4371821 a composite number?
True
Is 8457499 a composite number?
False
Is 3109747 a composite number?
False
Is 125126413 composite?
False
Is 17627201 prime?
True
Is 316109 a composite number?
False
Is 130241957 composite?
False
Is 1483517 composite?
True
Is 351563 prime?
True
Is 59448889 a composite number?
False
Is 10682599 a composite number?
True
Is 373028869 prime?
False
Is 221152111 prime?
True
Is 123584873 composite?
True
Is 8742313 a composite number?
False
Is 261281 a prime number?
True
Is 32975329 a composite number?
False
Is 18834883 prime?
False
Is 236328601 prime?
True
Is 15139587 prime?
False
Is 9094241 a prime number?
False
Is 2360711 a prime number?
False
Is 53394667 a prime number?
True
Is 55565 a prime number?
False
Is 1172531 a composite number?
False
Is 11640839 prime?
False
Is 478109 composite?
True
Is 742745 a composite number?
True
Is 694511 a composite number?
False
Is 915877 composite?
True
Is 27491741 composite?
True
Is 113531837 prime?
False
Is 165342701 a composite number?
False
Is 12177973 a composite number?
False
Is 777383 prime?
True
Is 17741053 composite?
True
Is 351168703 composite?
True
Is 33373807 a composite number?
True
Is 14295421 composite?
True
Is 102608299 a prime number?
True
Is 455333 a prime number?
True
Is 519863059 prime?
False
Is 235247 a composite number?
True
Is 71658911 a prime number?
True
Is 105259999 a prime number?
False
Is 44272439 a prime number?
True
Is 2486087 prime?
False
Is 4423897 composite?
False
Is 79928837 a prime number?
False
Is 4141517 composite?
False
Is 139073794 a composite number?
True
Is 10427663 a composite number?
False
Is 5949421 a composite number?
True
Is 23605979 a composite number?
True
Is 86862943 prime?
True
Is 3462517 composite?
False
Is 48679973 a prime number?
True
Is 8251097 a composite number?
False
Is 3713287 a prime number?
True
Is 177673 prime?
False
Is 5998051 prime?
False
Is 558038671 a composite number?
False
Is 1059151939 prime?
False
Is 70756391 a composite number?
False
Is 16020569 a prime number?
True
Is 2781169 a prime number?
True
Is 2953157 a composite number?
True
Is 34901 composite?
True
Is 41719499 a composite number?
False
Is 8944061 prime?
False
Is 69942121 a composite number?
False
Is 38477753 a prime number?
False
Is 3440033 a prime number?
False
Is 489972697 a prime number?
False
Is 27335767 prime?
True
Is 52182943 prime?
True
Is 2218037 a composite number?
False
Is 12057541 a composite number?
False
Is 2536727 a prime number?
True
Is 39405043 a prime number?
True
Is 19603121 composite?
True
Is 55719089 composite?
False
Is 5739089 a prime number?
True
Is 127951 composite?
False
Is 198687733 a composite number?
False
Is 8059211 a prime number?
False
Is 183968221 prime?
True
Is 645661511 prime?
False
Is 405891209 a prime number?
False
Is 663407 a composite number?
False
Is 7449011 composite?
False
Is 52851839 a composite number?
True
Is 67060627 prime?
True
Is 1030481 composite?
True
Is 1499831 a prime number?
True
Is 6255539 a prime number?
False
Is 22590559 a prime number?
True
Is 4813067 a prime number?
False
Is 79033081 a prime number?
False
Is 16325269 a composite number?
False
Is 3157887 a prime number?
False
Is 117126341 a composite number?
False
Is 89422915 a composite number?
True
Is 234947 composite?
False
Is 9269401 composite?
True
Is 7174129 prime?
True
Is 6766195 a prime number?
False
Is 424089553 prime?
True
Is 10187869 composite?
False
Is 2987867 composite?
True
Is 1221613 a prime number?
False
Is 2434589 composite?
False
Is 29608583 composite?
False
Is 30372001 a composite number?
True
Is 3932207 a composite number?
False
Is 9152657 a prime number?
False
Is 26123701 a composite number?
True
Is 31304459 a composite number?
True
Is 11707931 a composite number?
False
Is 29508853 a composite number?
True
Is 3344623 prime?
False
Is 540191 composite?
True
Is 65454835 prime?
False
Is 346291703 composite?
True
Is 2484143 a prime number?
False
Is 16933181 a prime number?
True
Is 3269327 a prime number?
True
Is 39116227 a prime number?
False
Is 3130543 composite?
True
Is 1081409 a prime number?
False
Is 17353243 a prime number?
False
Is 69718031 a composite number?
False
Is 3917867 a prime number?
False
Is 58921089 prime?
False
Is 8688347 composite?
True
Is 11216321 a composite number?
False
Is 96409081 composite?
True
Is 458463631 a prime number?
True
Is 920863 composite?
False
Is 462307 composite?
False
Is 215596649 composite?
False
Is 170691161 a prime number?
False
Is 321195947 composite?
False
Is 1272847 a composite number?
False
Is 8191723 composite?
True
Is 33199223 composite?
False
Is 45011381 a prime number?
True
Is 15531767 composite?
True
Is 38982605 a composite number?
True
Is 475219 a composite number?
False
Is 1553219 composite?
True
Is 80865481 a prime number?
False
Is 5222011 prime?
True
Is 30004229 composite?
True
Is 5471061 a prime number?
False
Is 19235747 a composite number?
True
Is 1509461 prime?
False
Is 6479269 composite?
False
Is 4153993 prime?
False
Is 359117 composite?
True
Is 529927 a composite number?
False
Is 44890187 prime?
True
Is 78079811 a composite number?
True
Is 11735459 composite?
True
Is 3425341 composite?
False
Is 676679 a prime number?
True
Is 17743667 a composite number?
False
Is 21178601 composite?
True
Is 4202959 composite?
False
Is 1003183 a composite number?
True
Is 36443497 prime?
False
Is 22183795 prime?
False
Is 15170591 prime?
True
Is 24248947 prime?
False
Is 47067463 prime?
False
Is 189510089 a prime number?
True
Is 32658737 prime?
False
Is 259786 a composite number?
True
Is 477141403 a composite number?
True
Is 1048963 prime?
True
Is 1368397 prime?
True
Is 1290019 a prime number?
True
Is 30256297 prime?
False
Is 4870263 a prime number?
False
Is 3835669 a composite number?
False
Is 65271113 composite?
False
Is 151139314 a prime number?
False
Is 256892781 prime?
False
Is 164031265 a prime number?
False
Is 19184113 a composite number?
True
Is 18203569 composite?
False
Is 19150277 prime?
True
Is 4825319 a composite number?
True
Is 455410121 composite?
False
Is 25282697 composite?
True
Is 64054 a composite number?
True
Is 102208177 a composite number?
False
Is 1192655 composite?
True
Is 38180531 composite?
False
Is 12594079 a composite number?
True
Is 2948471 a prime number?
False
Is 23293355 a prime number?
False
Is 244712287 a composite number?
False
Is 461870897 a prime number?
True
Is 36119 prime?
False
Is 8605147 a prime number?
True
Is 232801 a composite number?
False
Is 85222349 composite?
True
Is 5218663 prime?
False
Is 154655629 a prime number?
False
Is 248513221 prime?
False
Is 1140431 a composite number?
False
Is 49549397 composite?
True
Is 159685111 a composite number?
True
Is 64967743